{"id":326,"date":"2016-01-06T10:42:09","date_gmt":"2016-01-06T09:42:09","guid":{"rendered":"http:\/\/www.carnevale-claro.ch\/wordpress\/?page_id=326"},"modified":"2022-09-14T19:57:49","modified_gmt":"2022-09-14T18:57:49","slug":"soci","status":"publish","type":"page","link":"https:\/\/www.carnevale-claro.ch\/wordpress\/la-societa\/soci\/","title":{"rendered":"Soci"},"content":{"rendered":"<h2>Diventare soci<\/h2>\n<p>Cari amici del Re Cherof,<\/p>\n<p>in oltre 50 anni di esistenza del regno, Re cherof ha sempre avuto a cuore i suoi indistruttibili, temerari, irrinunciabili e fedeli sudditi.<\/p>\n<p>Sar\u00e0 l\u2019et\u00e0, saranno le genti che vanno e che vengono (per fortuna pi\u00f9 quelle che vengono che quelle che vanno), sar\u00e0 quel che sar\u00e0 ma alla veneranda et\u00e0 di 56 anni Re Cherof torna a chiedervi la tassa sociale. Versando la simbolica tassa di 5.- franchi per persona, ci confermerai che vuoi essere socio a tutti gli effetti (con diritto di voto e di eleggibilit\u00e0) dell\u2019associazione.<\/p>\n<p>Cos\u00ec facendo contribuirai alla perpetuazione del carnevale a Claro, che raduna ogni anno circa 4000 persone sull\u2019arco di 3 giornate di festa.<\/p>\n<p>Anche nel 2023 Re Cherof prender\u00e0 in mano le chiavi del paese e sar\u00e0 contento di contare su nuovi ma anche sui rodati collaboratori e simpatizzanti che caratterizzano la manifestazione.<\/p>\n<p>A nome del comitato ti ringrazio e ti auguro delle buone feste.<\/p>\n<p style=\"text-align: right;\">Il vostro Re Cherof<\/p>\n<p><i>Banca Raiffeisen Bellinzonese e Visagno<br \/>\n6501 Bellinzona<\/i><\/p>\n<p><i>IBAN: CH36 8038 7000 0030 2614 8<br \/>\nSociet\u00e0 Carnevale Clarese<br \/>\nAl Campo Sportivo<br \/>\n6702 Claro<\/i><\/p>\n<p>Motivo del pagamento: Nome e cognome del nuovo socio<\/p>\n","protected":false},"excerpt":{"rendered":"<p>Diventare soci Cari amici del Re Cherof, in oltre 50 anni di esistenza del regno, Re cherof ha sempre avuto a cuore i suoi indistruttibili, temerari, irrinunciabili e fedeli sudditi. Sar\u00e0 l\u2019et\u00e0, saranno le genti che vanno e che vengono (per fortuna pi\u00f9 quelle che vengono che quelle che vanno), sar\u00e0 quel che sar\u00e0 ma &hellip; <a href=\"https:\/\/www.carnevale-claro.ch\/wordpress\/la-societa\/soci\/\" class=\"more-link\">Continua la lettura di <span class=\"screen-reader-text\">Soci<\/span> <span class=\"meta-nav\">&rarr;<\/span><\/a><\/p>\n","protected":false},"author":2,"featured_media":0,"parent":15,"menu_order":0,"comment_status":"closed","ping_status":"closed","template":"","meta":{"_mc_calendar":[],"footnotes":""},"categories":[16],"tags":[],"class_list":["post-326","page","type-page","status-publish","hentry","category-soc"],"_links":{"self":[{"href":"https:\/\/www.carnevale-claro.ch\/wordpress\/wp-json\/wp\/v2\/pages\/326","targetHints":{"allow":["GET"]}}],"collection":[{"href":"https:\/\/www.carnevale-claro.ch\/wordpress\/wp-json\/wp\/v2\/pages"}],"about":[{"href":"https:\/\/www.carnevale-claro.ch\/wordpress\/wp-json\/wp\/v2\/types\/page"}],"author":[{"embeddable":true,"href":"https:\/\/www.carnevale-claro.ch\/wordpress\/wp-json\/wp\/v2\/users\/2"}],"replies":[{"embeddable":true,"href":"https:\/\/www.carnevale-claro.ch\/wordpress\/wp-json\/wp\/v2\/comments?post=326"}],"version-history":[{"count":6,"href":"https:\/\/www.carnevale-claro.ch\/wordpress\/wp-json\/wp\/v2\/pages\/326\/revisions"}],"predecessor-version":[{"id":647,"href":"https:\/\/www.carnevale-claro.ch\/wordpress\/wp-json\/wp\/v2\/pages\/326\/revisions\/647"}],"up":[{"embeddable":true,"href":"https:\/\/www.carnevale-claro.ch\/wordpress\/wp-json\/wp\/v2\/pages\/15"}],"wp:attachment":[{"href":"https:\/\/www.carnevale-claro.ch\/wordpress\/wp-json\/wp\/v2\/media?parent=326"}],"wp:term":[{"taxonomy":"category","embeddable":true,"href":"https:\/\/www.carnevale-claro.ch\/wordpress\/wp-json\/wp\/v2\/categories?post=326"},{"taxonomy":"post_tag","embeddable":true,"href":"https:\/\/www.carnevale-claro.ch\/wordpress\/wp-json\/wp\/v2\/tags?post=326"}],"curies":[{"name":"wp","href":"https:\/\/api.w.org\/{rel}","templated":true}]}}

<h2>Diventare soci</h2>
<p>Cari amici del Re Cherof,</p>
<p>in oltre 50 anni di esistenza del regno, Re cherof ha sempre avuto a cuore i suoi indistruttibili, temerari, irrinunciabili e fedeli sudditi.</p>
<p>Sarà l’età, saranno le genti che vanno e che vengono (per fortuna più quelle che vengono che quelle che vanno), sarà quel che sarà ma alla veneranda età di 56 anni Re Cherof torna a chiedervi la tassa sociale. Versando la simbolica tassa di 5.- franchi per persona, ci confermerai che vuoi essere socio a tutti gli effetti (con diritto di voto e di eleggibilità) dell’associazione.</p>
<p>Così facendo contribuirai alla perpetuazione del carnevale a Claro, che raduna ogni anno circa 4000 persone sull’arco di 3 giornate di festa.</p>
<p>Anche nel 2023 Re Cherof prenderà in mano le chiavi del paese e sarà contento di contare su nuovi ma anche sui rodati collaboratori e simpatizzanti che caratterizzano la manifestazione.</p>
<p>A nome del comitato ti ringrazio e ti auguro delle buone feste.</p>
<p style="text-align: right;">Il vostro Re Cherof</p>
<p><i>Banca Raiffeisen Bellinzonese e Visagno<br />
6501 Bellinzona</i></p>
<p><i>IBAN: CH36 8038 7000 0030 2614 8<br />
Società Carnevale Clarese<br />
Al Campo Sportivo<br />
6702 Claro</i></p>
<p>Motivo del pagamento: Nome e cognome del nuovo socio</p>

<p>Diventare soci Cari amici del Re Cherof, in oltre 50 anni di esistenza del regno, Re cherof ha sempre avuto a cuore i suoi indistruttibili, temerari, irrinunciabili e fedeli sudditi. Sarà l’età, saranno le genti che vanno e che vengono (per fortuna più quelle che vengono che quelle che vanno), sarà quel che sarà ma &hellip; <a href="https://www.carnevale-claro.ch/wordpress/la-societa/soci/" class="more-link">Continua la lettura di <span class="screen-reader-text">Soci</span> <span class="meta-nav">&rarr;</span></a></p>
